{"id":1405,"date":"2023-07-17T16:34:40","date_gmt":"2023-07-17T14:34:40","guid":{"rendered":"https:\/\/artfromthecrypt.com\/?page_id=1405"},"modified":"2024-06-05T14:02:30","modified_gmt":"2024-06-05T12:02:30","slug":"about","status":"publish","type":"page","link":"https:\/\/artfromthecrypt.com\/index.php\/about\/","title":{"rendered":"About"},"content":{"rendered":"\t\t<div data-elementor-type=\"wp-page\" data-elementor-id=\"1405\" class=\"elementor elementor-1405\">\n\t\t\t\t\t\t<section class=\"elementor-section elementor-top-section elementor-element elementor-element-9ac9e32 elementor-section-boxed elementor-section-height-default elementor-section-height-default\" data-id=\"9ac9e32\" data-element_type=\"section\" data-e-type=\"section\">\n\t\t\t\t\t\t<div class=\"elementor-container elementor-column-gap-default\">\n\t\t\t\t\t<div class=\"elementor-column elementor-col-100 elementor-top-column elementor-element elementor-element-14b0a87\" data-id=\"14b0a87\" data-element_type=\"column\" data-e-type=\"column\">\n\t\t\t<div class=\"elementor-widget-wrap elementor-element-populated\">\n\t\t\t\t\t\t<div class=\"elementor-element elementor-element-90ae9d1 elementor-widget elementor-widget-heading\" data-id=\"90ae9d1\" data-element_type=\"widget\" data-e-type=\"widget\" data-widget_type=\"heading.default\">\n\t\t\t\t<div class=\"elementor-widget-container\">\n\t\t\t\t\t<h2 class=\"elementor-heading-title elementor-size-default\">Art From The Crypt<\/h2>\t\t\t\t<\/div>\n\t\t\t\t<\/div>\n\t\t\t\t\t<\/div>\n\t\t<\/div>\n\t\t\t\t\t<\/div>\n\t\t<\/section>\n\t\t\t\t<section class=\"elementor-section elementor-top-section elementor-element elementor-element-200f709 elementor-section-boxed elementor-section-height-default elementor-section-height-default\" data-id=\"200f709\" data-element_type=\"section\" data-e-type=\"section\">\n\t\t\t\t\t\t<div class=\"elementor-container elementor-column-gap-default\">\n\t\t\t\t\t<div class=\"elementor-column elementor-col-100 elementor-top-column elementor-element elementor-element-1a875fd\" data-id=\"1a875fd\" data-element_type=\"column\" data-e-type=\"column\">\n\t\t\t<div class=\"elementor-widget-wrap elementor-element-populated\">\n\t\t\t\t\t\t<div class=\"elementor-element elementor-element-d09bea2 elementor-widget elementor-widget-heading\" data-id=\"d09bea2\" data-element_type=\"widget\" data-e-type=\"widget\" data-widget_type=\"heading.default\">\n\t\t\t\t<div class=\"elementor-widget-container\">\n\t\t\t\t\t<h2 class=\"elementor-heading-title elementor-size-default\">L\u2019artiste, SicK<\/h2>\t\t\t\t<\/div>\n\t\t\t\t<\/div>\n\t\t\t\t\t<\/div>\n\t\t<\/div>\n\t\t\t\t\t<\/div>\n\t\t<\/section>\n\t\t\t\t<section class=\"elementor-section elementor-top-section elementor-element elementor-element-b71cd87 elementor-section-boxed elementor-section-height-default elementor-section-height-default\" data-id=\"b71cd87\" data-element_type=\"section\" data-e-type=\"section\">\n\t\t\t\t\t\t<div class=\"elementor-container elementor-column-gap-default\">\n\t\t\t\t\t<div class=\"elementor-column elementor-col-100 elementor-top-column elementor-element elementor-element-13d2ce2\" data-id=\"13d2ce2\" data-element_type=\"column\" data-e-type=\"column\">\n\t\t\t<div class=\"elementor-widget-wrap elementor-element-populated\">\n\t\t\t\t\t\t<div class=\"elementor-element elementor-element-9de91d7 elementor-widget__width-initial elementor-widget elementor-widget-heading\" data-id=\"9de91d7\" data-element_type=\"widget\" data-e-type=\"widget\" data-widget_type=\"heading.default\">\n\t\t\t\t<div class=\"elementor-widget-container\">\n\t\t\t\t\t<h2 class=\"elementor-heading-title elementor-size-default\">N\u00e9 en 1988, Olivier Amoroso dit Sick est originaire du Cher.Tr\u00e8s jeune, il s\u2019est passionn\u00e9 pour le graffiti et la culture HipHop. Il est aussi fascin\u00e9 par la culture Geek et ses multiples univers. L\u2019imaginaire n\u2019a pas de limites ! L\u2019influence des ann\u00e9es 90 et 2000 est omnipr\u00e9sente dans ses \u0153uvres.\nV\u00e9ritable autodidacte, il a appris et continue d\u2019exp\u00e9rimenter diff\u00e9rentes techniques \u00e0 travers ses peintures, ses objets et son textile : peinture acrylique, a\u00e9rosol, b\u00e9ton, tissus \u2026\nArtiste engag\u00e9 sur une voie abstraite m\u00ealant formes g\u00e9om\u00e9triques, lignes et coulures, Sick cr\u00e9\u00e9 des \u0153uvres hautes en couleurs !\nAttentif \u00e0 l\u2019environnement, il tente de s\u2019inscrire dans une d\u00e9marche d\u2019upcycling : bombes de peinture, collage, emballage\u2026\nUn maximum ind\u00e9pendant et 100% artisanal, il fait des petites productions au nombre limit\u00e9 en essayant de mettre l'accent sur la qualit\u00e9 et l'authenticit\u00e9.\n<\/h2>\t\t\t\t<\/div>\n\t\t\t\t<\/div>\n\t\t\t\t<div class=\"elementor-element elementor-element-e7a2ca0 elementor-widget__width-initial elementor-widget elementor-widget-image\" data-id=\"e7a2ca0\" data-element_type=\"widget\" data-e-type=\"widget\" data-widget_type=\"image.default\">\n\t\t\t\t<div class=\"elementor-widget-container\">\n\t\t\t\t\t\t\t\t\t\t\t\t\t\t\t<img fetchpriority=\"high\" decoding=\"async\" width=\"2560\" height=\"1443\" src=\"https:\/\/artfromthecrypt.com\/wp-content\/uploads\/2023\/10\/DSCF4202-scaled.jpg\" class=\"attachment-full size-full wp-image-1717\" alt=\"\" srcset=\"https:\/\/artfromthecrypt.com\/wp-content\/uploads\/2023\/10\/DSCF4202-scaled.jpg 2560w, https:\/\/artfromthecrypt.com\/wp-content\/uploads\/2023\/10\/DSCF4202-300x169.jpg 300w, https:\/\/artfromthecrypt.com\/wp-content\/uploads\/2023\/10\/DSCF4202-1024x577.jpg 1024w, https:\/\/artfromthecrypt.com\/wp-content\/uploads\/2023\/10\/DSCF4202-768x433.jpg 768w, https:\/\/artfromthecrypt.com\/wp-content\/uploads\/2023\/10\/DSCF4202-1536x866.jpg 1536w, https:\/\/artfromthecrypt.com\/wp-content\/uploads\/2023\/10\/DSCF4202-2048x1155.jpg 2048w, https:\/\/artfromthecrypt.com\/wp-content\/uploads\/2023\/10\/DSCF4202-800x450.jpg 800w, https:\/\/artfromthecrypt.com\/wp-content\/uploads\/2023\/10\/DSCF4202-600x338.jpg 600w\" sizes=\"(max-width: 2560px) 100vw, 2560px\" \/>\t\t\t\t\t\t\t\t\t\t\t\t\t\t\t<\/div>\n\t\t\t\t<\/div>\n\t\t\t\t\t<\/div>\n\t\t<\/div>\n\t\t\t\t\t<\/div>\n\t\t<\/section>\n\t\t\t\t<\/div>\n\t\t","protected":false},"excerpt":{"rendered":"<p>Art From The Crypt L\u2019artiste, SicK N\u00e9 en 1988, Olivier Amoroso dit Sick est originaire du Cher.Tr\u00e8s jeune, il s\u2019est passionn\u00e9 pour le graffiti et la culture HipHop. Il est aussi fascin\u00e9 par la culture Geek et ses multiples univers. L\u2019imaginaire n\u2019a pas de limites ! L\u2019influence des ann\u00e9es 90 et 2000 est omnipr\u00e9sente dans [&hellip;]<\/p>\n","protected":false},"author":1,"featured_media":0,"parent":0,"menu_order":0,"comment_status":"closed","ping_status":"closed","template":"","meta":{"_uag_custom_page_level_css":"","ocean_post_layout":"","ocean_both_sidebars_style":"","ocean_both_sidebars_content_width":0,"ocean_both_sidebars_sidebars_width":0,"ocean_sidebar":"0","ocean_second_sidebar":"0","ocean_disable_margins":"enable","ocean_add_body_class":"","ocean_shortcode_before_top_bar":"","ocean_shortcode_after_top_bar":"","ocean_shortcode_before_header":"","ocean_shortcode_after_header":"","ocean_has_shortcode":"","ocean_shortcode_after_title":"","ocean_shortcode_before_footer_widgets":"","ocean_shortcode_after_footer_widgets":"","ocean_shortcode_before_footer_bottom":"","ocean_shortcode_after_footer_bottom":"","ocean_display_top_bar":"default","ocean_display_header":"default","ocean_header_style":"","ocean_center_header_left_menu":"0","ocean_custom_header_template":"0","ocean_custom_logo":0,"ocean_custom_retina_logo":0,"ocean_custom_logo_max_width":0,"ocean_custom_logo_tablet_max_width":0,"ocean_custom_logo_mobile_max_width":0,"ocean_custom_logo_max_height":0,"ocean_custom_logo_tablet_max_height":0,"ocean_custom_logo_mobile_max_height":0,"ocean_header_custom_menu":"0","ocean_menu_typo_font_family":"0","ocean_menu_typo_font_subset":"","ocean_menu_typo_font_size":0,"ocean_menu_typo_font_size_tablet":0,"ocean_menu_typo_font_size_mobile":0,"ocean_menu_typo_font_size_unit":"px","ocean_menu_typo_font_weight":"","ocean_menu_typo_font_weight_tablet":"","ocean_menu_typo_font_weight_mobile":"","ocean_menu_typo_transform":"","ocean_menu_typo_transform_tablet":"","ocean_menu_typo_transform_mobile":"","ocean_menu_typo_line_height":0,"ocean_menu_typo_line_height_tablet":0,"ocean_menu_typo_line_height_mobile":0,"ocean_menu_typo_line_height_unit":"","ocean_menu_typo_spacing":0,"ocean_menu_typo_spacing_tablet":0,"ocean_menu_typo_spacing_mobile":0,"ocean_menu_typo_spacing_unit":"","ocean_menu_link_color":"","ocean_menu_link_color_hover":"","ocean_menu_link_color_active":"","ocean_menu_link_background":"","ocean_menu_link_hover_background":"","ocean_menu_link_active_background":"","ocean_menu_social_links_bg":"","ocean_menu_social_hover_links_bg":"","ocean_menu_social_links_color":"","ocean_menu_social_hover_links_color":"","ocean_disable_title":"default","ocean_disable_heading":"default","ocean_post_title":"","ocean_post_subheading":"","ocean_post_title_style":"","ocean_post_title_background_color":"","ocean_post_title_background":0,"ocean_post_title_bg_image_position":"","ocean_post_title_bg_image_attachment":"","ocean_post_title_bg_image_repeat":"","ocean_post_title_bg_image_size":"","ocean_post_title_height":0,"ocean_post_title_bg_overlay":0.5,"ocean_post_title_bg_overlay_color":"","ocean_disable_breadcrumbs":"default","ocean_breadcrumbs_color":"","ocean_breadcrumbs_separator_color":"","ocean_breadcrumbs_links_color":"","ocean_breadcrumbs_links_hover_color":"","ocean_display_footer_widgets":"default","ocean_display_footer_bottom":"default","ocean_custom_footer_template":"0","ofc_meta_disable_footer_callout":"","ofc_meta_callout_button_url":"","ofc_meta_callout_button_txt":"","ofc_meta_callout_text":"","ofc_enable_fullscreen":"disable","ofc_fullscreen_speed":0,"ofc_fullscreen_nav":"enable","ofc_fullscreen_nav_pos":"right","ofc_fullscreen_nav_color":"","ofc_fullscreen_nav_tooltip_color":"","ofc_fullscreen_responsive":0,"osp_disable_panel":"default","osh_disable_topbar_sticky":"default","osh_disable_header_sticky":"default","osh_sticky_header_style":"default","osh_sticky_header_effect":"","osh_custom_sticky_logo":0,"osh_custom_retina_sticky_logo":0,"osh_custom_sticky_logo_height":0,"osh_background_color":"","osh_links_color":"","osh_links_hover_color":"","osh_links_active_color":"","osh_links_bg_color":"","osh_links_hover_bg_color":"","osh_links_active_bg_color":"","osh_menu_social_links_color":"","osh_menu_social_hover_links_color":"","_themeisle_gutenberg_block_has_review":false,"footnotes":""},"class_list":["post-1405","page","type-page","status-publish","hentry","entry","owp-thumbs-layout-horizontal","owp-btn-normal","owp-tabs-layout-horizontal","has-no-thumbnails","has-product-nav"],"yoast_head":"<!-- This site is optimized with the Yoast SEO plugin v27.1.1 - https:\/\/yoast.com\/product\/yoast-seo-wordpress\/ -->\n<title>About - Art From The Crypt<\/title>\n<meta name=\"robots\" content=\"index, follow, max-snippet:-1, max-image-preview:large, max-video-preview:-1\" \/>\n<link rel=\"canonical\" href=\"https:\/\/artfromthecrypt.com\/index.php\/about\/\" \/>\n<meta property=\"og:locale\" content=\"fr_FR\" \/>\n<meta property=\"og:type\" content=\"article\" \/>\n<meta property=\"og:title\" content=\"About - Art From The Crypt\" \/>\n<meta property=\"og:description\" content=\"Art From The Crypt L\u2019artiste, SicK N\u00e9 en 1988, Olivier Amoroso dit Sick est originaire du Cher.Tr\u00e8s jeune, il s\u2019est passionn\u00e9 pour le graffiti et la culture HipHop. Il est aussi fascin\u00e9 par la culture Geek et ses multiples univers. L\u2019imaginaire n\u2019a pas de limites ! L\u2019influence des ann\u00e9es 90 et 2000 est omnipr\u00e9sente dans [&hellip;]\" \/>\n<meta property=\"og:url\" content=\"https:\/\/artfromthecrypt.com\/index.php\/about\/\" \/>\n<meta property=\"og:site_name\" content=\"Art From The Crypt\" \/>\n<meta property=\"article:modified_time\" content=\"2024-06-05T12:02:30+00:00\" \/>\n<meta property=\"og:image\" content=\"http:\/\/artfromthecrypt.com\/wp-content\/uploads\/2023\/10\/DSCF4202-scaled.jpg\" \/>\n<meta name=\"twitter:card\" content=\"summary_large_image\" \/>\n<meta name=\"twitter:label1\" content=\"Dur\u00e9e de lecture estim\u00e9e\" \/>\n\t<meta name=\"twitter:data1\" content=\"1 minute\" \/>\n<script type=\"application\/ld+json\" class=\"yoast-schema-graph\">{\"@context\":\"https:\/\/schema.org\",\"@graph\":[{\"@type\":\"WebPage\",\"@id\":\"https:\/\/artfromthecrypt.com\/index.php\/about\/\",\"url\":\"https:\/\/artfromthecrypt.com\/index.php\/about\/\",\"name\":\"About - Art From The Crypt\",\"isPartOf\":{\"@id\":\"https:\/\/artfromthecrypt.com\/#website\"},\"primaryImageOfPage\":{\"@id\":\"https:\/\/artfromthecrypt.com\/index.php\/about\/#primaryimage\"},\"image\":{\"@id\":\"https:\/\/artfromthecrypt.com\/index.php\/about\/#primaryimage\"},\"thumbnailUrl\":\"http:\/\/artfromthecrypt.com\/wp-content\/uploads\/2023\/10\/DSCF4202-scaled.jpg\",\"datePublished\":\"2023-07-17T14:34:40+00:00\",\"dateModified\":\"2024-06-05T12:02:30+00:00\",\"breadcrumb\":{\"@id\":\"https:\/\/artfromthecrypt.com\/index.php\/about\/#breadcrumb\"},\"inLanguage\":\"fr-FR\",\"potentialAction\":[{\"@type\":\"ReadAction\",\"target\":[\"https:\/\/artfromthecrypt.com\/index.php\/about\/\"]}]},{\"@type\":\"ImageObject\",\"inLanguage\":\"fr-FR\",\"@id\":\"https:\/\/artfromthecrypt.com\/index.php\/about\/#primaryimage\",\"url\":\"https:\/\/artfromthecrypt.com\/wp-content\/uploads\/2023\/10\/DSCF4202-scaled.jpg\",\"contentUrl\":\"https:\/\/artfromthecrypt.com\/wp-content\/uploads\/2023\/10\/DSCF4202-scaled.jpg\",\"width\":2560,\"height\":1443},{\"@type\":\"BreadcrumbList\",\"@id\":\"https:\/\/artfromthecrypt.com\/index.php\/about\/#breadcrumb\",\"itemListElement\":[{\"@type\":\"ListItem\",\"position\":1,\"name\":\"Accueil\",\"item\":\"https:\/\/artfromthecrypt.com\/\"},{\"@type\":\"ListItem\",\"position\":2,\"name\":\"About\"}]},{\"@type\":\"WebSite\",\"@id\":\"https:\/\/artfromthecrypt.com\/#website\",\"url\":\"https:\/\/artfromthecrypt.com\/\",\"name\":\"Art From The Crypt\",\"description\":\"HipHop &amp; Geek Artwork - Art\/Textiles Geek &amp; HipHop\",\"publisher\":{\"@id\":\"https:\/\/artfromthecrypt.com\/#organization\"},\"potentialAction\":[{\"@type\":\"SearchAction\",\"target\":{\"@type\":\"EntryPoint\",\"urlTemplate\":\"https:\/\/artfromthecrypt.com\/?s={search_term_string}\"},\"query-input\":{\"@type\":\"PropertyValueSpecification\",\"valueRequired\":true,\"valueName\":\"search_term_string\"}}],\"inLanguage\":\"fr-FR\"},{\"@type\":\"Organization\",\"@id\":\"https:\/\/artfromthecrypt.com\/#organization\",\"name\":\"Art From The Crypt\",\"url\":\"https:\/\/artfromthecrypt.com\/\",\"logo\":{\"@type\":\"ImageObject\",\"inLanguage\":\"fr-FR\",\"@id\":\"https:\/\/artfromthecrypt.com\/#\/schema\/logo\/image\/\",\"url\":\"https:\/\/artfromthecrypt.com\/wp-content\/uploads\/2024\/06\/cropped-Logo_HipHop-1.png\",\"contentUrl\":\"https:\/\/artfromthecrypt.com\/wp-content\/uploads\/2024\/06\/cropped-Logo_HipHop-1.png\",\"width\":5877,\"height\":5948,\"caption\":\"Art From The Crypt\"},\"image\":{\"@id\":\"https:\/\/artfromthecrypt.com\/#\/schema\/logo\/image\/\"}}]}<\/script>\n<!-- \/ Yoast SEO plugin. -->","yoast_head_json":{"title":"About - Art From The Crypt","robots":{"index":"index","follow":"follow","max-snippet":"max-snippet:-1","max-image-preview":"max-image-preview:large","max-video-preview":"max-video-preview:-1"},"canonical":"https:\/\/artfromthecrypt.com\/index.php\/about\/","og_locale":"fr_FR","og_type":"article","og_title":"About - Art From The Crypt","og_description":"Art From The Crypt L\u2019artiste, SicK N\u00e9 en 1988, Olivier Amoroso dit Sick est originaire du Cher.Tr\u00e8s jeune, il s\u2019est passionn\u00e9 pour le graffiti et la culture HipHop. Il est aussi fascin\u00e9 par la culture Geek et ses multiples univers. L\u2019imaginaire n\u2019a pas de limites ! L\u2019influence des ann\u00e9es 90 et 2000 est omnipr\u00e9sente dans [&hellip;]","og_url":"https:\/\/artfromthecrypt.com\/index.php\/about\/","og_site_name":"Art From The Crypt","article_modified_time":"2024-06-05T12:02:30+00:00","og_image":[{"url":"http:\/\/artfromthecrypt.com\/wp-content\/uploads\/2023\/10\/DSCF4202-scaled.jpg","type":"","width":"","height":""}],"twitter_card":"summary_large_image","twitter_misc":{"Dur\u00e9e de lecture estim\u00e9e":"1 minute"},"schema":{"@context":"https:\/\/schema.org","@graph":[{"@type":"WebPage","@id":"https:\/\/artfromthecrypt.com\/index.php\/about\/","url":"https:\/\/artfromthecrypt.com\/index.php\/about\/","name":"About - Art From The Crypt","isPartOf":{"@id":"https:\/\/artfromthecrypt.com\/#website"},"primaryImageOfPage":{"@id":"https:\/\/artfromthecrypt.com\/index.php\/about\/#primaryimage"},"image":{"@id":"https:\/\/artfromthecrypt.com\/index.php\/about\/#primaryimage"},"thumbnailUrl":"http:\/\/artfromthecrypt.com\/wp-content\/uploads\/2023\/10\/DSCF4202-scaled.jpg","datePublished":"2023-07-17T14:34:40+00:00","dateModified":"2024-06-05T12:02:30+00:00","breadcrumb":{"@id":"https:\/\/artfromthecrypt.com\/index.php\/about\/#breadcrumb"},"inLanguage":"fr-FR","potentialAction":[{"@type":"ReadAction","target":["https:\/\/artfromthecrypt.com\/index.php\/about\/"]}]},{"@type":"ImageObject","inLanguage":"fr-FR","@id":"https:\/\/artfromthecrypt.com\/index.php\/about\/#primaryimage","url":"https:\/\/artfromthecrypt.com\/wp-content\/uploads\/2023\/10\/DSCF4202-scaled.jpg","contentUrl":"https:\/\/artfromthecrypt.com\/wp-content\/uploads\/2023\/10\/DSCF4202-scaled.jpg","width":2560,"height":1443},{"@type":"BreadcrumbList","@id":"https:\/\/artfromthecrypt.com\/index.php\/about\/#breadcrumb","itemListElement":[{"@type":"ListItem","position":1,"name":"Accueil","item":"https:\/\/artfromthecrypt.com\/"},{"@type":"ListItem","position":2,"name":"About"}]},{"@type":"WebSite","@id":"https:\/\/artfromthecrypt.com\/#website","url":"https:\/\/artfromthecrypt.com\/","name":"Art From The Crypt","description":"HipHop &amp; Geek Artwork - Art\/Textiles Geek &amp; HipHop","publisher":{"@id":"https:\/\/artfromthecrypt.com\/#organization"},"potentialAction":[{"@type":"SearchAction","target":{"@type":"EntryPoint","urlTemplate":"https:\/\/artfromthecrypt.com\/?s={search_term_string}"},"query-input":{"@type":"PropertyValueSpecification","valueRequired":true,"valueName":"search_term_string"}}],"inLanguage":"fr-FR"},{"@type":"Organization","@id":"https:\/\/artfromthecrypt.com\/#organization","name":"Art From The Crypt","url":"https:\/\/artfromthecrypt.com\/","logo":{"@type":"ImageObject","inLanguage":"fr-FR","@id":"https:\/\/artfromthecrypt.com\/#\/schema\/logo\/image\/","url":"https:\/\/artfromthecrypt.com\/wp-content\/uploads\/2024\/06\/cropped-Logo_HipHop-1.png","contentUrl":"https:\/\/artfromthecrypt.com\/wp-content\/uploads\/2024\/06\/cropped-Logo_HipHop-1.png","width":5877,"height":5948,"caption":"Art From The Crypt"},"image":{"@id":"https:\/\/artfromthecrypt.com\/#\/schema\/logo\/image\/"}}]}},"uagb_featured_image_src":{"full":false,"thumbnail":false,"medium":false,"medium_large":false,"large":false,"1536x1536":false,"2048x2048":false,"ocean-thumb-m":false,"ocean-thumb-ml":false,"ocean-thumb-l":false,"woocommerce_thumbnail":false,"woocommerce_single":false,"woocommerce_gallery_thumbnail":false},"uagb_author_info":{"display_name":"artfromthecrypt.com","author_link":"https:\/\/artfromthecrypt.com\/index.php\/author\/artfromthecrypt-com\/"},"uagb_comment_info":0,"uagb_excerpt":"Art From The Crypt L\u2019artiste, SicK N\u00e9 en 1988, Olivier Amoroso dit Sick est originaire du Cher.Tr\u00e8s jeune, il s\u2019est passionn\u00e9 pour le graffiti et la culture HipHop. Il est aussi fascin\u00e9 par la culture Geek et ses multiples univers. L\u2019imaginaire n\u2019a pas de limites ! L\u2019influence des ann\u00e9es 90 et 2000 est omnipr\u00e9sente dans\u2026","_links":{"self":[{"href":"https:\/\/artfromthecrypt.com\/index.php\/wp-json\/wp\/v2\/pages\/1405","targetHints":{"allow":["GET"]}}],"collection":[{"href":"https:\/\/artfromthecrypt.com\/index.php\/wp-json\/wp\/v2\/pages"}],"about":[{"href":"https:\/\/artfromthecrypt.com\/index.php\/wp-json\/wp\/v2\/types\/page"}],"author":[{"embeddable":true,"href":"https:\/\/artfromthecrypt.com\/index.php\/wp-json\/wp\/v2\/users\/1"}],"replies":[{"embeddable":true,"href":"https:\/\/artfromthecrypt.com\/index.php\/wp-json\/wp\/v2\/comments?post=1405"}],"version-history":[{"count":28,"href":"https:\/\/artfromthecrypt.com\/index.php\/wp-json\/wp\/v2\/pages\/1405\/revisions"}],"predecessor-version":[{"id":2173,"href":"https:\/\/artfromthecrypt.com\/index.php\/wp-json\/wp\/v2\/pages\/1405\/revisions\/2173"}],"wp:attachment":[{"href":"https:\/\/artfromthecrypt.com\/index.php\/wp-json\/wp\/v2\/media?parent=1405"}],"curies":[{"name":"wp","href":"https:\/\/api.w.org\/{rel}","templated":true}]}}