{"id":1572,"date":"2023-09-27T16:06:06","date_gmt":"2023-09-27T14:06:06","guid":{"rendered":"https:\/\/artfromthecrypt.com\/?page_id=1572"},"modified":"2024-12-21T18:27:07","modified_gmt":"2024-12-21T17:27:07","slug":"boutique","status":"publish","type":"page","link":"https:\/\/artfromthecrypt.com\/","title":{"rendered":"Home"},"content":{"rendered":"\t\t<div data-elementor-type=\"wp-page\" data-elementor-id=\"1572\" class=\"elementor elementor-1572\">\n\t\t\t\t\t\t<section class=\"elementor-section elementor-top-section elementor-element elementor-element-aa0d607 elementor-section-boxed elementor-section-height-default elementor-section-height-default\" data-id=\"aa0d607\" data-element_type=\"section\" data-e-type=\"section\">\n\t\t\t\t\t\t<div class=\"elementor-container elementor-column-gap-default\">\n\t\t\t\t\t<div class=\"elementor-column elementor-col-33 elementor-top-column elementor-element elementor-element-04aac7f\" data-id=\"04aac7f\" data-element_type=\"column\" data-e-type=\"column\">\n\t\t\t<div class=\"elementor-widget-wrap elementor-element-populated\">\n\t\t\t\t\t\t<div class=\"elementor-element elementor-element-d3b71ce elementor-widget elementor-widget-image\" data-id=\"d3b71ce\" data-element_type=\"widget\" data-e-type=\"widget\" data-widget_type=\"image.default\">\n\t\t\t\t<div class=\"elementor-widget-container\">\n\t\t\t\t\t\t\t\t\t\t\t\t\t\t\t\t<a href=\"https:\/\/artfromthecrypt.com\/index.php\/product-category\/textiles\/\">\n\t\t\t\t\t\t\t<img fetchpriority=\"high\" decoding=\"async\" width=\"692\" height=\"1024\" src=\"https:\/\/artfromthecrypt.com\/wp-content\/uploads\/2024\/06\/FOND_SHIRT-Copie-1-692x1024.jpg\" class=\"attachment-large size-large wp-image-2201\" alt=\"\" srcset=\"https:\/\/artfromthecrypt.com\/wp-content\/uploads\/2024\/06\/FOND_SHIRT-Copie-1-692x1024.jpg 692w, https:\/\/artfromthecrypt.com\/wp-content\/uploads\/2024\/06\/FOND_SHIRT-Copie-1-203x300.jpg 203w, https:\/\/artfromthecrypt.com\/wp-content\/uploads\/2024\/06\/FOND_SHIRT-Copie-1-768x1136.jpg 768w, https:\/\/artfromthecrypt.com\/wp-content\/uploads\/2024\/06\/FOND_SHIRT-Copie-1-1038x1536.jpg 1038w, https:\/\/artfromthecrypt.com\/wp-content\/uploads\/2024\/06\/FOND_SHIRT-Copie-1-1384x2048.jpg 1384w, https:\/\/artfromthecrypt.com\/wp-content\/uploads\/2024\/06\/FOND_SHIRT-Copie-1-600x888.jpg 600w, https:\/\/artfromthecrypt.com\/wp-content\/uploads\/2024\/06\/FOND_SHIRT-Copie-1-scaled.jpg 1730w\" sizes=\"(max-width: 692px) 100vw, 692px\" \/>\t\t\t\t\t\t\t\t<\/a>\n\t\t\t\t\t\t\t\t\t\t\t\t\t\t\t<\/div>\n\t\t\t\t<\/div>\n\t\t\t\t\t<\/div>\n\t\t<\/div>\n\t\t\t\t<div class=\"elementor-column elementor-col-33 elementor-top-column elementor-element elementor-element-164fa53\" data-id=\"164fa53\" data-element_type=\"column\" data-e-type=\"column\">\n\t\t\t<div class=\"elementor-widget-wrap elementor-element-populated\">\n\t\t\t\t\t\t<div class=\"elementor-element elementor-element-9c766b1 elementor-widget elementor-widget-image\" data-id=\"9c766b1\" data-element_type=\"widget\" data-e-type=\"widget\" data-widget_type=\"image.default\">\n\t\t\t\t<div class=\"elementor-widget-container\">\n\t\t\t\t\t\t\t\t\t\t\t\t\t\t\t\t<a href=\"https:\/\/artfromthecrypt.com\/index.php\/product-category\/artworks\/tableaux\/\">\n\t\t\t\t\t\t\t<img decoding=\"async\" width=\"697\" height=\"1024\" src=\"https:\/\/artfromthecrypt.com\/wp-content\/uploads\/2024\/06\/toiles1-2-697x1024.jpg\" class=\"attachment-large size-large wp-image-2200\" alt=\"\" srcset=\"https:\/\/artfromthecrypt.com\/wp-content\/uploads\/2024\/06\/toiles1-2-697x1024.jpg 697w, https:\/\/artfromthecrypt.com\/wp-content\/uploads\/2024\/06\/toiles1-2-204x300.jpg 204w, https:\/\/artfromthecrypt.com\/wp-content\/uploads\/2024\/06\/toiles1-2-768x1129.jpg 768w, https:\/\/artfromthecrypt.com\/wp-content\/uploads\/2024\/06\/toiles1-2-1045x1536.jpg 1045w, https:\/\/artfromthecrypt.com\/wp-content\/uploads\/2024\/06\/toiles1-2-1393x2048.jpg 1393w, https:\/\/artfromthecrypt.com\/wp-content\/uploads\/2024\/06\/toiles1-2-600x882.jpg 600w, https:\/\/artfromthecrypt.com\/wp-content\/uploads\/2024\/06\/toiles1-2-scaled.jpg 1741w\" sizes=\"(max-width: 697px) 100vw, 697px\" \/>\t\t\t\t\t\t\t\t<\/a>\n\t\t\t\t\t\t\t\t\t\t\t\t\t\t\t<\/div>\n\t\t\t\t<\/div>\n\t\t\t\t\t<\/div>\n\t\t<\/div>\n\t\t\t\t<div class=\"elementor-column elementor-col-33 elementor-top-column elementor-element elementor-element-22dcda7\" data-id=\"22dcda7\" data-element_type=\"column\" data-e-type=\"column\">\n\t\t\t<div class=\"elementor-widget-wrap elementor-element-populated\">\n\t\t\t\t\t\t<div class=\"elementor-element elementor-element-21e4558 elementor-widget elementor-widget-image\" data-id=\"21e4558\" data-element_type=\"widget\" data-e-type=\"widget\" data-widget_type=\"image.default\">\n\t\t\t\t<div class=\"elementor-widget-container\">\n\t\t\t\t\t\t\t\t\t\t\t\t\t\t\t\t<a href=\"https:\/\/artfromthecrypt.com\/index.php\/product-category\/artworks\/objets-beton\/\">\n\t\t\t\t\t\t\t<img decoding=\"async\" width=\"691\" height=\"1024\" src=\"https:\/\/artfromthecrypt.com\/wp-content\/uploads\/2024\/06\/objets-beton-2-691x1024.jpg\" class=\"attachment-large size-large wp-image-2199\" alt=\"\" srcset=\"https:\/\/artfromthecrypt.com\/wp-content\/uploads\/2024\/06\/objets-beton-2-691x1024.jpg 691w, https:\/\/artfromthecrypt.com\/wp-content\/uploads\/2024\/06\/objets-beton-2-203x300.jpg 203w, https:\/\/artfromthecrypt.com\/wp-content\/uploads\/2024\/06\/objets-beton-2-768x1137.jpg 768w, https:\/\/artfromthecrypt.com\/wp-content\/uploads\/2024\/06\/objets-beton-2-1037x1536.jpg 1037w, https:\/\/artfromthecrypt.com\/wp-content\/uploads\/2024\/06\/objets-beton-2-1383x2048.jpg 1383w, https:\/\/artfromthecrypt.com\/wp-content\/uploads\/2024\/06\/objets-beton-2-600x889.jpg 600w, https:\/\/artfromthecrypt.com\/wp-content\/uploads\/2024\/06\/objets-beton-2-scaled.jpg 1729w\" sizes=\"(max-width: 691px) 100vw, 691px\" \/>\t\t\t\t\t\t\t\t<\/a>\n\t\t\t\t\t\t\t\t\t\t\t\t\t\t\t<\/div>\n\t\t\t\t<\/div>\n\t\t\t\t\t<\/div>\n\t\t<\/div>\n\t\t\t\t\t<\/div>\n\t\t<\/section>\n\t\t\t\t<section class=\"elementor-section elementor-top-section elementor-element elementor-element-3dcbc3e elementor-section-boxed elementor-section-height-default elementor-section-height-default\" data-id=\"3dcbc3e\" data-element_type=\"section\" data-e-type=\"section\">\n\t\t\t\t\t\t<div class=\"elementor-container elementor-column-gap-default\">\n\t\t\t\t\t<div class=\"elementor-column elementor-col-100 elementor-top-column elementor-element elementor-element-621cedf\" data-id=\"621cedf\" data-element_type=\"column\" data-e-type=\"column\">\n\t\t\t<div class=\"elementor-widget-wrap elementor-element-populated\">\n\t\t\t\t\t\t<div class=\"elementor-element elementor-element-ccda2ab elementor-widget elementor-widget-sbi-widget\" data-id=\"ccda2ab\" data-element_type=\"widget\" data-e-type=\"widget\" data-widget_type=\"sbi-widget.default\">\n\t\t\t\t<div class=\"elementor-widget-container\">\n\t\t\t\t\t\n<div id=\"sb_instagram\"  class=\"sbi sbi_mob_col_2 sbi_tab_col_2 sbi_col_4 sbi_width_resp\" style=\"padding-bottom: 10px;\"\t data-feedid=\"*1\"  data-res=\"auto\" data-cols=\"4\" data-colsmobile=\"2\" data-colstablet=\"2\" data-num=\"4\" data-nummobile=\"4\" data-item-padding=\"5\"\t data-shortcode-atts=\"{&quot;feed&quot;:&quot;1&quot;}\"  data-postid=\"1572\" data-locatornonce=\"e8464d7d7f\" data-imageaspectratio=\"1:1\" data-sbi-flags=\"favorLocal,gdpr\">\n\t\n\t<div id=\"sbi_images\"  style=\"gap: 10px;\">\n\t\t\t<\/div>\n\n\t<div id=\"sbi_load\" >\n\n\t\n\t\n<\/div>\n\t\t<span class=\"sbi_resized_image_data\" data-feed-id=\"*1\"\n\t\t  data-resized=\"[]\">\n\t<\/span>\n\t<\/div>\n\n\t\t\t\t<\/div>\n\t\t\t\t<\/div>\n\t\t\t\t\t<\/div>\n\t\t<\/div>\n\t\t\t\t\t<\/div>\n\t\t<\/section>\n\t\t\t\t<section class=\"elementor-section elementor-top-section elementor-element elementor-element-4da2f4c elementor-section-boxed elementor-section-height-default elementor-section-height-default\" data-id=\"4da2f4c\" data-element_type=\"section\" data-e-type=\"section\">\n\t\t\t\t\t\t<div class=\"elementor-container elementor-column-gap-default\">\n\t\t\t\t\t<div class=\"elementor-column elementor-col-100 elementor-top-column elementor-element elementor-element-9819500\" data-id=\"9819500\" data-element_type=\"column\" data-e-type=\"column\">\n\t\t\t<div class=\"elementor-widget-wrap elementor-element-populated\">\n\t\t\t\t\t\t<div class=\"elementor-element elementor-element-0f8dcd8 elementor-widget elementor-widget-image\" data-id=\"0f8dcd8\" data-element_type=\"widget\" data-e-type=\"widget\" data-widget_type=\"image.default\">\n\t\t\t\t<div class=\"elementor-widget-container\">\n\t\t\t\t\t\t\t\t\t\t\t\t\t\t\t<img loading=\"lazy\" decoding=\"async\" width=\"768\" height=\"281\" src=\"https:\/\/artfromthecrypt.com\/wp-content\/uploads\/2024\/06\/Fraisdecochons-768x281.png\" class=\"attachment-medium_large size-medium_large wp-image-2202\" alt=\"\" srcset=\"https:\/\/artfromthecrypt.com\/wp-content\/uploads\/2024\/06\/Fraisdecochons-768x281.png 768w, https:\/\/artfromthecrypt.com\/wp-content\/uploads\/2024\/06\/Fraisdecochons-300x110.png 300w, https:\/\/artfromthecrypt.com\/wp-content\/uploads\/2024\/06\/Fraisdecochons-1024x375.png 1024w, https:\/\/artfromthecrypt.com\/wp-content\/uploads\/2024\/06\/Fraisdecochons-1536x562.png 1536w, https:\/\/artfromthecrypt.com\/wp-content\/uploads\/2024\/06\/Fraisdecochons-2048x749.png 2048w, https:\/\/artfromthecrypt.com\/wp-content\/uploads\/2024\/06\/Fraisdecochons-600x219.png 600w\" sizes=\"(max-width: 768px) 100vw, 768px\" \/>\t\t\t\t\t\t\t\t\t\t\t\t\t\t\t<\/div>\n\t\t\t\t<\/div>\n\t\t\t\t\t<\/div>\n\t\t<\/div>\n\t\t\t\t\t<\/div>\n\t\t<\/section>\n\t\t\t\t<\/div>\n\t\t","protected":false},"excerpt":{"rendered":"<p>Petite exposition de mes objets b\u00e9ton au mus\u00e9e M Exposition de mes objets &quot;B\u00e9ton&quot; pour le &quot;Mois 10 Exposition au mus\u00e9e d&#039;Argent sur Sauldre Un petit Nouveau mod\u00e8le &quot;Choose Your Weapon&quot; En mode Ninja Charger plus Suivre sur Instagram Ce message d\u2019erreur n\u2019est visible que pour les administrateurs de WordPress Erreur\u00a0: le jeton d\u2018acc\u00e8s n\u2018est [&hellip;]<\/p>\n","protected":false},"author":1,"featured_media":0,"parent":0,"menu_order":0,"comment_status":"closed","ping_status":"closed","template":"","meta":{"_uag_custom_page_level_css":"","ocean_post_layout":"","ocean_both_sidebars_style":"","ocean_both_sidebars_content_width":0,"ocean_both_sidebars_sidebars_width":0,"ocean_sidebar":"","ocean_second_sidebar":"","ocean_disable_margins":"enable","ocean_add_body_class":"","ocean_shortcode_before_top_bar":"","ocean_shortcode_after_top_bar":"","ocean_shortcode_before_header":"","ocean_shortcode_after_header":"","ocean_has_shortcode":"","ocean_shortcode_after_title":"","ocean_shortcode_before_footer_widgets":"","ocean_shortcode_after_footer_widgets":"","ocean_shortcode_before_footer_bottom":"","ocean_shortcode_after_footer_bottom":"","ocean_display_top_bar":"default","ocean_display_header":"default","ocean_header_style":"","ocean_center_header_left_menu":"","ocean_custom_header_template":"","ocean_custom_logo":0,"ocean_custom_retina_logo":0,"ocean_custom_logo_max_width":0,"ocean_custom_logo_tablet_max_width":0,"ocean_custom_logo_mobile_max_width":0,"ocean_custom_logo_max_height":0,"ocean_custom_logo_tablet_max_height":0,"ocean_custom_logo_mobile_max_height":0,"ocean_header_custom_menu":"","ocean_menu_typo_font_family":"","ocean_menu_typo_font_subset":"","ocean_menu_typo_font_size":0,"ocean_menu_typo_font_size_tablet":0,"ocean_menu_typo_font_size_mobile":0,"ocean_menu_typo_font_size_unit":"px","ocean_menu_typo_font_weight":"","ocean_menu_typo_font_weight_tablet":"","ocean_menu_typo_font_weight_mobile":"","ocean_menu_typo_transform":"","ocean_menu_typo_transform_tablet":"","ocean_menu_typo_transform_mobile":"","ocean_menu_typo_line_height":0,"ocean_menu_typo_line_height_tablet":0,"ocean_menu_typo_line_height_mobile":0,"ocean_menu_typo_line_height_unit":"","ocean_menu_typo_spacing":0,"ocean_menu_typo_spacing_tablet":0,"ocean_menu_typo_spacing_mobile":0,"ocean_menu_typo_spacing_unit":"","ocean_menu_link_color":"","ocean_menu_link_color_hover":"","ocean_menu_link_color_active":"","ocean_menu_link_background":"","ocean_menu_link_hover_background":"","ocean_menu_link_active_background":"","ocean_menu_social_links_bg":"","ocean_menu_social_hover_links_bg":"","ocean_menu_social_links_color":"","ocean_menu_social_hover_links_color":"","ocean_disable_title":"default","ocean_disable_heading":"default","ocean_post_title":"","ocean_post_subheading":"","ocean_post_title_style":"","ocean_post_title_background_color":"","ocean_post_title_background":0,"ocean_post_title_bg_image_position":"","ocean_post_title_bg_image_attachment":"","ocean_post_title_bg_image_repeat":"","ocean_post_title_bg_image_size":"","ocean_post_title_height":0,"ocean_post_title_bg_overlay":0.5,"ocean_post_title_bg_overlay_color":"","ocean_disable_breadcrumbs":"default","ocean_breadcrumbs_color":"","ocean_breadcrumbs_separator_color":"","ocean_breadcrumbs_links_color":"","ocean_breadcrumbs_links_hover_color":"","ocean_display_footer_widgets":"default","ocean_display_footer_bottom":"default","ocean_custom_footer_template":"","ofc_meta_disable_footer_callout":"","ofc_meta_callout_button_url":"","ofc_meta_callout_button_txt":"","ofc_meta_callout_text":"","ofc_enable_fullscreen":"disable","ofc_fullscreen_speed":0,"ofc_fullscreen_nav":"enable","ofc_fullscreen_nav_pos":"right","ofc_fullscreen_nav_color":"","ofc_fullscreen_nav_tooltip_color":"","ofc_fullscreen_responsive":0,"osp_disable_panel":"default","osh_disable_topbar_sticky":"default","osh_disable_header_sticky":"default","osh_sticky_header_style":"default","osh_sticky_header_effect":"","osh_custom_sticky_logo":0,"osh_custom_retina_sticky_logo":0,"osh_custom_sticky_logo_height":0,"osh_background_color":"","osh_links_color":"","osh_links_hover_color":"","osh_links_active_color":"","osh_links_bg_color":"","osh_links_hover_bg_color":"","osh_links_active_bg_color":"","osh_menu_social_links_color":"","osh_menu_social_hover_links_color":"","_themeisle_gutenberg_block_has_review":false,"footnotes":""},"class_list":["post-1572","page","type-page","status-publish","hentry","entry","owp-thumbs-layout-horizontal","owp-btn-normal","owp-tabs-layout-horizontal","has-no-thumbnails","has-product-nav"],"yoast_head":"<!-- This site is optimized with the Yoast SEO plugin v27.5 - https:\/\/yoast.com\/product\/yoast-seo-wordpress\/ -->\n<title>Art From The Crypt - Art\/Textile Geek &amp; HipHop<\/title>\n<meta name=\"description\" content=\"Art\/Textile Geek &amp; HipHop - HipHop &amp; Geek Artwork - T-Shirt et Sweat HipHop et de l&#039;univers Geek - ArtWork StreetArt &amp; Geek\" \/>\n<meta name=\"robots\" content=\"index, follow, max-snippet:-1, max-image-preview:large, max-video-preview:-1\" \/>\n<link rel=\"canonical\" href=\"https:\/\/artfromthecrypt.com\/\" \/>\n<meta property=\"og:locale\" content=\"fr_FR\" \/>\n<meta property=\"og:type\" content=\"article\" \/>\n<meta property=\"og:title\" content=\"Art From The Crypt - Art\/Textile Geek &amp; HipHop\" \/>\n<meta property=\"og:description\" content=\"Art\/Textile Geek &amp; HipHop - HipHop &amp; Geek Artwork - T-Shirt et Sweat HipHop et de l&#039;univers Geek - ArtWork StreetArt &amp; Geek\" \/>\n<meta property=\"og:url\" content=\"https:\/\/artfromthecrypt.com\/\" \/>\n<meta property=\"og:site_name\" content=\"Art From The Crypt\" \/>\n<meta property=\"article:modified_time\" content=\"2024-12-21T17:27:07+00:00\" \/>\n<meta property=\"og:image\" content=\"https:\/\/artfromthecrypt.com\/wp-content\/uploads\/2024\/06\/FOND_SHIRT-Copie-1-scaled.jpg\" \/>\n\t<meta property=\"og:image:width\" content=\"1730\" \/>\n\t<meta property=\"og:image:height\" content=\"2560\" \/>\n\t<meta property=\"og:image:type\" content=\"image\/jpeg\" \/>\n<meta name=\"twitter:card\" content=\"summary_large_image\" \/>\n<meta name=\"twitter:label1\" content=\"Dur\u00e9e de lecture estim\u00e9e\" \/>\n\t<meta name=\"twitter:data1\" content=\"2 minutes\" \/>\n<script type=\"application\/ld+json\" class=\"yoast-schema-graph\">{\"@context\":\"https:\\\/\\\/schema.org\",\"@graph\":[{\"@type\":\"WebPage\",\"@id\":\"https:\\\/\\\/artfromthecrypt.com\\\/\",\"url\":\"https:\\\/\\\/artfromthecrypt.com\\\/\",\"name\":\"Art From The Crypt - Art\\\/Textile Geek & HipHop\",\"isPartOf\":{\"@id\":\"https:\\\/\\\/artfromthecrypt.com\\\/#website\"},\"primaryImageOfPage\":{\"@id\":\"https:\\\/\\\/artfromthecrypt.com\\\/#primaryimage\"},\"image\":{\"@id\":\"https:\\\/\\\/artfromthecrypt.com\\\/#primaryimage\"},\"thumbnailUrl\":\"http:\\\/\\\/artfromthecrypt.com\\\/wp-content\\\/uploads\\\/2024\\\/06\\\/FOND_SHIRT-Copie-1-692x1024.jpg\",\"datePublished\":\"2023-09-27T14:06:06+00:00\",\"dateModified\":\"2024-12-21T17:27:07+00:00\",\"description\":\"Art\\\/Textile Geek & HipHop - HipHop & Geek Artwork - T-Shirt et Sweat HipHop et de l'univers Geek - ArtWork StreetArt & Geek\",\"breadcrumb\":{\"@id\":\"https:\\\/\\\/artfromthecrypt.com\\\/#breadcrumb\"},\"inLanguage\":\"fr-FR\",\"potentialAction\":[{\"@type\":\"ReadAction\",\"target\":[\"https:\\\/\\\/artfromthecrypt.com\\\/\"]}]},{\"@type\":\"ImageObject\",\"inLanguage\":\"fr-FR\",\"@id\":\"https:\\\/\\\/artfromthecrypt.com\\\/#primaryimage\",\"url\":\"https:\\\/\\\/artfromthecrypt.com\\\/wp-content\\\/uploads\\\/2024\\\/06\\\/FOND_SHIRT-Copie-1-scaled.jpg\",\"contentUrl\":\"https:\\\/\\\/artfromthecrypt.com\\\/wp-content\\\/uploads\\\/2024\\\/06\\\/FOND_SHIRT-Copie-1-scaled.jpg\",\"width\":1730,\"height\":2560},{\"@type\":\"BreadcrumbList\",\"@id\":\"https:\\\/\\\/artfromthecrypt.com\\\/#breadcrumb\",\"itemListElement\":[{\"@type\":\"ListItem\",\"position\":1,\"name\":\"Accueil\",\"item\":\"https:\\\/\\\/artfromthecrypt.com\\\/\"},{\"@type\":\"ListItem\",\"position\":2,\"name\":\"Home\"}]},{\"@type\":\"WebSite\",\"@id\":\"https:\\\/\\\/artfromthecrypt.com\\\/#website\",\"url\":\"https:\\\/\\\/artfromthecrypt.com\\\/\",\"name\":\"Art From The Crypt\",\"description\":\"HipHop &amp; Geek Artwork - Art\\\/Textiles Geek &amp; HipHop\",\"publisher\":{\"@id\":\"https:\\\/\\\/artfromthecrypt.com\\\/#organization\"},\"potentialAction\":[{\"@type\":\"SearchAction\",\"target\":{\"@type\":\"EntryPoint\",\"urlTemplate\":\"https:\\\/\\\/artfromthecrypt.com\\\/?s={search_term_string}\"},\"query-input\":{\"@type\":\"PropertyValueSpecification\",\"valueRequired\":true,\"valueName\":\"search_term_string\"}}],\"inLanguage\":\"fr-FR\"},{\"@type\":\"Organization\",\"@id\":\"https:\\\/\\\/artfromthecrypt.com\\\/#organization\",\"name\":\"Art From The Crypt\",\"url\":\"https:\\\/\\\/artfromthecrypt.com\\\/\",\"logo\":{\"@type\":\"ImageObject\",\"inLanguage\":\"fr-FR\",\"@id\":\"https:\\\/\\\/artfromthecrypt.com\\\/#\\\/schema\\\/logo\\\/image\\\/\",\"url\":\"https:\\\/\\\/artfromthecrypt.com\\\/wp-content\\\/uploads\\\/2024\\\/06\\\/cropped-Logo_HipHop-1.png\",\"contentUrl\":\"https:\\\/\\\/artfromthecrypt.com\\\/wp-content\\\/uploads\\\/2024\\\/06\\\/cropped-Logo_HipHop-1.png\",\"width\":5877,\"height\":5948,\"caption\":\"Art From The Crypt\"},\"image\":{\"@id\":\"https:\\\/\\\/artfromthecrypt.com\\\/#\\\/schema\\\/logo\\\/image\\\/\"}}]}<\/script>\n<!-- \/ Yoast SEO plugin. -->","yoast_head_json":{"title":"Art From The Crypt - Art\/Textile Geek & HipHop","description":"Art\/Textile Geek & HipHop - HipHop & Geek Artwork - T-Shirt et Sweat HipHop et de l'univers Geek - ArtWork StreetArt & Geek","robots":{"index":"index","follow":"follow","max-snippet":"max-snippet:-1","max-image-preview":"max-image-preview:large","max-video-preview":"max-video-preview:-1"},"canonical":"https:\/\/artfromthecrypt.com\/","og_locale":"fr_FR","og_type":"article","og_title":"Art From The Crypt - Art\/Textile Geek & HipHop","og_description":"Art\/Textile Geek & HipHop - HipHop & Geek Artwork - T-Shirt et Sweat HipHop et de l'univers Geek - ArtWork StreetArt & Geek","og_url":"https:\/\/artfromthecrypt.com\/","og_site_name":"Art From The Crypt","article_modified_time":"2024-12-21T17:27:07+00:00","og_image":[{"width":1730,"height":2560,"url":"https:\/\/artfromthecrypt.com\/wp-content\/uploads\/2024\/06\/FOND_SHIRT-Copie-1-scaled.jpg","type":"image\/jpeg"}],"twitter_card":"summary_large_image","twitter_misc":{"Dur\u00e9e de lecture estim\u00e9e":"2 minutes"},"schema":{"@context":"https:\/\/schema.org","@graph":[{"@type":"WebPage","@id":"https:\/\/artfromthecrypt.com\/","url":"https:\/\/artfromthecrypt.com\/","name":"Art From The Crypt - Art\/Textile Geek & HipHop","isPartOf":{"@id":"https:\/\/artfromthecrypt.com\/#website"},"primaryImageOfPage":{"@id":"https:\/\/artfromthecrypt.com\/#primaryimage"},"image":{"@id":"https:\/\/artfromthecrypt.com\/#primaryimage"},"thumbnailUrl":"http:\/\/artfromthecrypt.com\/wp-content\/uploads\/2024\/06\/FOND_SHIRT-Copie-1-692x1024.jpg","datePublished":"2023-09-27T14:06:06+00:00","dateModified":"2024-12-21T17:27:07+00:00","description":"Art\/Textile Geek & HipHop - HipHop & Geek Artwork - T-Shirt et Sweat HipHop et de l'univers Geek - ArtWork StreetArt & Geek","breadcrumb":{"@id":"https:\/\/artfromthecrypt.com\/#breadcrumb"},"inLanguage":"fr-FR","potentialAction":[{"@type":"ReadAction","target":["https:\/\/artfromthecrypt.com\/"]}]},{"@type":"ImageObject","inLanguage":"fr-FR","@id":"https:\/\/artfromthecrypt.com\/#primaryimage","url":"https:\/\/artfromthecrypt.com\/wp-content\/uploads\/2024\/06\/FOND_SHIRT-Copie-1-scaled.jpg","contentUrl":"https:\/\/artfromthecrypt.com\/wp-content\/uploads\/2024\/06\/FOND_SHIRT-Copie-1-scaled.jpg","width":1730,"height":2560},{"@type":"BreadcrumbList","@id":"https:\/\/artfromthecrypt.com\/#breadcrumb","itemListElement":[{"@type":"ListItem","position":1,"name":"Accueil","item":"https:\/\/artfromthecrypt.com\/"},{"@type":"ListItem","position":2,"name":"Home"}]},{"@type":"WebSite","@id":"https:\/\/artfromthecrypt.com\/#website","url":"https:\/\/artfromthecrypt.com\/","name":"Art From The Crypt","description":"HipHop &amp; Geek Artwork - Art\/Textiles Geek &amp; HipHop","publisher":{"@id":"https:\/\/artfromthecrypt.com\/#organization"},"potentialAction":[{"@type":"SearchAction","target":{"@type":"EntryPoint","urlTemplate":"https:\/\/artfromthecrypt.com\/?s={search_term_string}"},"query-input":{"@type":"PropertyValueSpecification","valueRequired":true,"valueName":"search_term_string"}}],"inLanguage":"fr-FR"},{"@type":"Organization","@id":"https:\/\/artfromthecrypt.com\/#organization","name":"Art From The Crypt","url":"https:\/\/artfromthecrypt.com\/","logo":{"@type":"ImageObject","inLanguage":"fr-FR","@id":"https:\/\/artfromthecrypt.com\/#\/schema\/logo\/image\/","url":"https:\/\/artfromthecrypt.com\/wp-content\/uploads\/2024\/06\/cropped-Logo_HipHop-1.png","contentUrl":"https:\/\/artfromthecrypt.com\/wp-content\/uploads\/2024\/06\/cropped-Logo_HipHop-1.png","width":5877,"height":5948,"caption":"Art From The Crypt"},"image":{"@id":"https:\/\/artfromthecrypt.com\/#\/schema\/logo\/image\/"}}]}},"uagb_featured_image_src":{"full":false,"thumbnail":false,"medium":false,"medium_large":false,"large":false,"1536x1536":false,"2048x2048":false,"ocean-thumb-m":false,"ocean-thumb-ml":false,"ocean-thumb-l":false,"woocommerce_thumbnail":false,"woocommerce_single":false,"woocommerce_gallery_thumbnail":false},"uagb_author_info":{"display_name":"artfromthecrypt.com","author_link":"https:\/\/artfromthecrypt.com\/index.php\/author\/artfromthecrypt-com\/"},"uagb_comment_info":0,"uagb_excerpt":"Petite exposition de mes objets b\u00e9ton au mus\u00e9e M Exposition de mes objets &quot;B\u00e9ton&quot; pour le &quot;Mois 10 Exposition au mus\u00e9e d&#039;Argent sur Sauldre Un petit Nouveau mod\u00e8le &quot;Choose Your Weapon&quot; En mode Ninja Charger plus Suivre sur Instagram Ce message d\u2019erreur n\u2019est visible que pour les administrateurs de WordPress Erreur\u00a0: le jeton d\u2018acc\u00e8s n\u2018est\u2026","_links":{"self":[{"href":"https:\/\/artfromthecrypt.com\/index.php\/wp-json\/wp\/v2\/pages\/1572","targetHints":{"allow":["GET"]}}],"collection":[{"href":"https:\/\/artfromthecrypt.com\/index.php\/wp-json\/wp\/v2\/pages"}],"about":[{"href":"https:\/\/artfromthecrypt.com\/index.php\/wp-json\/wp\/v2\/types\/page"}],"author":[{"embeddable":true,"href":"https:\/\/artfromthecrypt.com\/index.php\/wp-json\/wp\/v2\/users\/1"}],"replies":[{"embeddable":true,"href":"https:\/\/artfromthecrypt.com\/index.php\/wp-json\/wp\/v2\/comments?post=1572"}],"version-history":[{"count":119,"href":"https:\/\/artfromthecrypt.com\/index.php\/wp-json\/wp\/v2\/pages\/1572\/revisions"}],"predecessor-version":[{"id":2434,"href":"https:\/\/artfromthecrypt.com\/index.php\/wp-json\/wp\/v2\/pages\/1572\/revisions\/2434"}],"wp:attachment":[{"href":"https:\/\/artfromthecrypt.com\/index.php\/wp-json\/wp\/v2\/media?parent=1572"}],"curies":[{"name":"wp","href":"https:\/\/api.w.org\/{rel}","templated":true}]}}